 the highest common divisor of 17 and c.
17
Suppose 34 = 2*q + m + m, 3*q + 5*m - 55 = 0. What is the highest common divisor of q and 15?
15
Suppose 0 = 2*k + 3 + 3. Let u(d) = 2*d**2 - 2*d + 1. Let i be u(k). Calculate the greatest common divisor of i and 10.
5
Let p = -43 + 62. Suppose -w + 3*g + 65 = 0, -g = 4*w + 2*g - 230. Let z = w - p. What is the highest common divisor of z and 5?
5
Let i = -17 - -20. What is the greatest common factor of i and 6?
3
Let c be (-6)/21 + (-426)/(-21). What is the highest common factor of 100 and c?
20
Suppose 0 = 4*y - 7*y - 2*c + 30, 4*y - 3*c = 23. Let a be 266/y + (-1)/4. Suppose -4*n + 19 = -25. What is the highest common divisor of a and n?
11
Suppose 0 = -2*j - 2*y + 12, 0 = -j - y - 3*y - 6. Let n be (60/7)/(-3)*-7. Calculate the highest common divisor of j and n.
10
Let k = 50 - 17. Calculate the greatest common divisor of k and 22.
11
Let v be (4/5)/((-10)/(-25)). Suppose v*c - c = 98. Let b = -53 + c. What is the greatest common divisor of b and 9?
9
Let k be 6/8 + 2/8. Let s(y) = y**2 - 2*y - 3*y**2 + 24 + y**2 - 6*y. Let l be s(-10). Calculate the highest common divisor of k and l.
1
Let r be 520/6 - (-8)/(-12). Suppose r = d + 17. What is the greatest common divisor of 46 and d?
23
Let w be 2*1/2 + 17. Suppose 9*p - 630 = 4*p. What is the greatest common factor of p and w?
18
Let z(x) = -x**3 - 19*x**2 - 7*x - 28. Let h be z(-19). What is the highest common factor of 70 and h?
35
Suppose 104 = 3*g + w, 0 = g - 0*g + 4*w - 20. Suppose 4*j + 50 = m + 148, 0 = 5*j + 2*m - 116. What is the highest common factor of g and j?
12
Suppose 5*w + 24 = -1. Let i = w + 5. Suppose 2*y - 4 - 4 = i. Calculate the highest common divisor of 10 and y.
2
Suppose -6*y + 2*y = -52. Calculate the highest common factor of 65 and y.
13
Let y(v) be the third derivative of 1/3*v**3 + 0*v - 2*v**2 + 0 + 1/3*v**4. Let t be y(2). What is the highest common divisor of t and 54?
18
Suppose 7*m + 3*u - 23 = 2*m, m = -3*u - 5. Suppose -4*x = -x - 84. What is the highest common divisor of m and x?
7
Let l(s) = s**3 + 13*s**2 + 26*s + 4. Let g be l(-10). Calculate the highest common divisor of g and 44.
44
Suppose -3*s = -3*o + o - 169, 2*s - 81 = -5*o. Suppose -s - 91 = -2*q. Let i be ((-32)/(-10))/(2/5). What is the highest common factor of i and q?
8
Let p(f) = 5*f**2 - f + 2. Let a be p(-2). Let b = -21 - -213. What is the greatest common divisor of a and b?
24
Let c = -28 - -63. Let r = c + -13. What is the highest common factor of 110 and r?
22
Suppose 0 = v - 5*u - 85, -4*v + u + 118 + 298 = 0. What is the highest common factor of v and 30?
15
Let u(j) = -j - 6. Let o be u(-7). Let h = o - -1. Calculate the highest common divisor of 3 and h.
1
Suppose 0 = -2*w + 2*k + 78, -2*w = 3*k - 8*k - 66. Calculate the greatest common factor of 86 and w.
43
Suppose y + 3035 = 6*y. Suppose -4*o - q + 0*q + y = 0, 5*o + 4*q = 745. Calculate the highest common divisor of o and 17.
17
Let b = 81 - 36. Calculate the highest common factor of 27 and b.
9
Let o(d) = d + 4. Let n be o(-6). Let u be ((-14)/10 - n)*15. Calculate the greatest common divisor of u and 27.
9
Let q be 11/(-2 + 0 - -3). Calculate the highest common divisor of 121 and q.
11
Suppose -64 = -2*m - 2*m. Suppose m + 8 = n. Calculate the greatest common divisor of 16 and n.
8
Let z = -5 + 7. Suppose -z*l = 2*l - 40. Let j(k) = -12*k - 2. Let s be j(-6). Calculate the highest common divisor of l and s.
10
Let s be 3*(3 + 1*-2). Suppose -1072 = -s*r - r. Let u be (-4)/(-20) - r/(-10). What is the greatest common factor of 18 and u?
9
Suppose -27 = 3*r - 6*r. Let d be -3*((-105)/r - -1). Calculate the highest common factor of 16 and d.
16
Suppose 0*c = -5*f + 3*c - 23, 18 = -4*f + 2*c. Let m be (-33)/f - 5/20. Calculate the greatest common divisor of m and 2.
2
Suppose 0 = 123*q - 125*q + 30. What is the greatest common divisor of 45 and q?
15
Suppose -2*d + 34 = 3*l, -5*l + 37 = 2*d - 1. Calculate the greatest common factor of d and 2.
2
Let c = -196 - -277. Let m = c + -33. Calculate the greatest common divisor of m and 12.
12
Let o = -31 - -45. What is the highest common divisor of 21 and o?
7
Let d(s) = -s**3 - 5*s**2 + 6. Let q(r) = -r + 1. Let f be q(6). Let i be d(f). Suppose -3*o = 6 - 51. What is the highest common divisor of o and i?
3
Let h(w) = w + 46. Let q be h(-17). What is the greatest common factor of q and 145?
29
Suppose -4*d - 2*v = -110, 43 = d + 2*v + 8. Calculate the highest common factor of d and 25.
25
Let h be (16/2)/2*1. Let b = -1 + h. Let l = 7 - b. What is the greatest common divisor of l and 20?
4
Let i be (-1)/(3 - (-128)/(-42)). Calculate the greatest common divisor of i and 42.
21
Let n = -44 + 62. Calculate the greatest common divisor of n and 72.
18
Let v(i) = i**2 - i. Let l be v(0). Suppose l = -2*b + 6*b - 312. What is the highest common divisor of b and 52?
26
Suppose 0 = m + m + 2. Let o be (-2)/(-2)*16 - m. Calculate the highest common factor of 153 and o.
17
Let n be 480/14 - (-10)/(-35). Let o = n - 24. Let x be 2016/40 + (-4)/o. What is the highest common factor of x and 20?
10
Let h = 11 + 7. Suppose -b = -8 - 28. What is the highest common factor of b and h?
18
Let d be (-3 + 1)*20/(-8). Suppose 15 = d*m - 0*m. Suppose -2*x + 37 = -m*t, 0 = -3*x - 0*t - 3*t + 63. Calculate the highest common divisor of x and 30.
10
Let f = 0 + 1. Let r(q) = 46*q. Let g be r(f). Let j = -32 + g. What is the highest common divisor of 56 and j?
14
Suppose -2*n = -4*p - 4, 0*p + 5 = -5*p + n. Let x be -3 - ((2 - p) + -10). Suppose f - x*s = -3*f + 8, 3*s = 9. What is the highest common divisor of 15 and f?
5
Let t = -1 + 14. What is the greatest common factor of 26 and t?
13
Suppose -4*q + 12 = -4. What is the greatest common factor of q and 1?
1
Let l be -132*(-2 + 1 - 0). Suppose 2*h - 3*h = -l. Calculate the greatest common divisor of 12 and h.
12
Suppose 1 + 8 = -o. Let l be -87*6/o - 2. Let k be (-1)/(-2) + (-54)/(-4). What is the highest common factor of l and k?
14
Let x be 1 + 1/(-2 + 1). Suppose -s + 1 = -x*s. Let d(b) = -b**2 - 8*b + 5. Let p be d(-8). What is the greatest common factor of s and p?
1
Let z(l) be the second derivative of 5*l**4/12 + l**2/2 + 2*l. Let t be z(1). Calculate the highest common divisor of 42 and t.
6
Let i(z) = -2*z - 6. Let g be i(-5). Let p(l) = -l**3 + 4*l**2 + 3*l - 5. Let q be p(g). What is the highest common divisor of q and 63?
7
Let i = 87 + -223. Let y = i - -191. Calculate the highest common divisor of y and 22.
11
Let r(t) = 4*t**2 - 3*t + 1. Let l be r(1). Let f = 18 + -10. Calculate the greatest common divisor of f and l.
2
Let g be (792/55)/(2/(80/6)). Calculate the greatest common divisor of 12 and g.
12
Let b = 5 - 1. Suppose 4*g = -4 + 8. Let h be (g - 2/(-4))*24. Calculate the greatest common factor of h and b.
4
Let h be 30*(9 + 2/1 - -1). What is the highest common divisor of h and 36?
36
Let o = 7 - -1. Let a = -6 + o. Suppose -5*g + 3*b + 187 = 0, -a*b + 3*b = 2*g - 74. Calculate the highest common factor of g and 7.
7
Suppose 0*u + 3*u = -2*q + 2, u + 4*q = -6. Suppose -5 + u = -3*g. Let i = -2 - -3. What is the highest common divisor of g and i?
1
Suppose 0 = 4*c + 5 - 25. Suppose 4*m + 2*j + 5 + 29 = 0, 0 = -2*j + 6. Let i be 252/10 - (-2)/m. What is the highest common factor of i and c?
5
Let c be 5/((-40)/14)*20. Let a be ((-100)/c)/((-1)/(-7)). Let g = 445 + -225. Calculate the highest common divisor of g and a.
20
Suppose 0 = 3*j + 2*j - 220. Calculate the greatest common factor of j and 110.
22
Let h be -1*(-101)/2 + (-6)/12. Calculate the highest common divisor of 25 and h.
25
Let p = -181 - -186. Calculate the highest common divisor of p and 10.
5
Suppose 0 = -3*o + o - 24. Let l = o + 5. Let p = l + 15. What is the highest common divisor of p and 32?
8
Suppose 6*v = -3*n + 2*v + 154, -4*v + 4 = 0. Let j = -22 - -32. What is the greatest common divisor of j and n?
10
Let q be (-2)/8 + 217/(-28). Let n be (q/(-12))/(3/18). What is the highest common factor of 4 and n?
4
Let b(i) = 5*i + 5 - 3 - 9. Let s be b(5). Calculate the highest common factor of s and 6.
6
Let j be 38/(-9) - (-2)/9. Let u be (j/1)/((-1)/4). Calculate the greatest common factor of 2 and u.
2
Suppose p - 2*